{"id":529,"date":"2023-10-26T16:28:27","date_gmt":"2023-10-26T14:28:27","guid":{"rendered":"https:\/\/vimethic.fr\/?page_id=529"},"modified":"2023-11-15T16:07:09","modified_gmt":"2023-11-15T15:07:09","slug":"tracabilite","status":"publish","type":"page","link":"https:\/\/vimethic.fr\/index.php\/tracabilite\/","title":{"rendered":"Tra\u00e7abilit\u00e9 des d\u00e9chets"},"content":{"rendered":"\n<div style=\"height:45px\" aria-hidden=\"true\" class=\"wp-block-spacer\"><\/div>\n\n\n<h2 class=\"fonts-plugin-block \" style=\"font-size: 30px;color: #b1dc4c\"><strong>Une solution de tra\u00e7abilit\u00e9 pour tous vos d\u00e9chets collect\u00e9s<\/strong><\/h2>\n\n\n<figure class=\"wp-block-image size-full is-resized\"><img fetchpriority=\"high\" decoding=\"async\" width=\"703\" height=\"214\" src=\"https:\/\/vimethic.fr\/wp-content\/uploads\/2023\/10\/ID-icionrecycle-logo@2x-1.png\" alt=\"\" class=\"wp-image-647\" style=\"aspect-ratio:3.2850467289719627;width:300px;height:auto\" srcset=\"https:\/\/vimethic.fr\/wp-content\/uploads\/2023\/10\/ID-icionrecycle-logo@2x-1.png 703w, https:\/\/vimethic.fr\/wp-content\/uploads\/2023\/10\/ID-icionrecycle-logo@2x-1-300x91.png 300w\" sizes=\"(max-width: 703px) 100vw, 703px\" \/><\/figure>\n\n\n<p class=\"fonts-plugin-block \" style=\"font-family: arial;font-size: 17px;color: #000000\">Gr\u00e2ce \u00e0 un compte qui vous est d\u00e9di\u00e9 sur notre plateforme de tra\u00e7abilit\u00e9<strong>\u00a0<a href=\"https:\/\/triethic.fr\/ici-on-recycle\/\">Ici On Recycle<\/a><\/strong>, vous pouvez \u00e0 tout moment consulter le calendrier des collectes et les pes\u00e9es, t\u00e9l\u00e9charger les diff\u00e9rents bordereaux de recyclage en format PDF, visualiser les \u00e9volutions des masses des casques collect\u00e9s.<br><br><strong>Un bilan annuel est \u00e9galement transmis chaque d\u00e9but d\u2019ann\u00e9e rendant compte des mati\u00e8res qui nous ont \u00e9t\u00e9 confi\u00e9es. Ce document vous permet d\u2019observer les impacts sociaux et environnementaux de votre d\u00e9marche de recyclage des casques.<\/strong><br><br><strong>Notre objectif est de vous garantir une totale transparence sur la tra\u00e7abilit\u00e9 de vos d\u00e9chets : de la collecte \u00e0 la valorisation.<\/strong><\/p>\n\n\n<div style=\"height:20px\" aria-hidden=\"true\" class=\"wp-block-spacer\"><\/div>\n\n\n<p class=\"fonts-plugin-block \" style=\"font-family: arial;font-size: 20px;color: #000000\"><em>Pour en savoir plus sur notre plateforme de tra\u00e7abilit\u00e9 Ici On Recycle :<\/em><\/p>\n\n\n<figure class=\"wp-block-video\"><video controls src=\"https:\/\/vimethic.fr\/video\/IOR.mp4\"><\/video><\/figure>\n\n\n\n<div style=\"height:50px\" aria-hidden=\"true\" class=\"wp-block-spacer\"><\/div>\n","protected":false},"excerpt":{"rendered":"","protected":false},"author":1,"featured_media":0,"parent":0,"menu_order":0,"comment_status":"closed","ping_status":"closed","template":"","meta":{"footnotes":""},"class_list":["post-529","page","type-page","status-publish","hentry"],"yoast_head":"<!-- This site is optimized with the Yoast SEO plugin v25.6 - https:\/\/yoast.com\/wordpress\/plugins\/seo\/ -->\n<title>Tra\u00e7abilit\u00e9 des d\u00e9chets - Vimethic<\/title>\n<meta name=\"description\" content=\"Gr\u00e2ce \u00e0 un compte qui vous est d\u00e9di\u00e9 sur notre plateforme de tra\u00e7abilit\u00e9, vous pouvez \u00e0 tout moment consulter les documents de tra\u00e7abilit\u00e9.\" \/>\n<meta name=\"robots\" content=\"index, follow, max-snippet:-1, max-image-preview:large, max-video-preview:-1\" \/>\n<link rel=\"canonical\" href=\"https:\/\/vimethic.fr\/index.php\/tracabilite\/\" \/>\n<meta property=\"og:locale\" content=\"fr_FR\" \/>\n<meta property=\"og:type\" content=\"article\" \/>\n<meta property=\"og:title\" content=\"Tra\u00e7abilit\u00e9 des d\u00e9chets - Vimethic\" \/>\n<meta property=\"og:description\" content=\"Gr\u00e2ce \u00e0 un compte qui vous est d\u00e9di\u00e9 sur notre plateforme de tra\u00e7abilit\u00e9, vous pouvez \u00e0 tout moment consulter les documents de tra\u00e7abilit\u00e9.\" \/>\n<meta property=\"og:url\" content=\"https:\/\/vimethic.fr\/index.php\/tracabilite\/\" \/>\n<meta property=\"og:site_name\" content=\"Vimethic\" \/>\n<meta property=\"article:modified_time\" content=\"2023-11-15T15:07:09+00:00\" \/>\n<meta property=\"og:image\" content=\"https:\/\/vimethic.fr\/wp-content\/uploads\/2023\/10\/ID-icionrecycle-logo@2x-1.png\" \/>\n<meta name=\"twitter:card\" content=\"summary_large_image\" \/>\n<meta name=\"twitter:label1\" content=\"Dur\u00e9e de lecture estim\u00e9e\" \/>\n\t<meta name=\"twitter:data1\" content=\"1 minute\" \/>\n<script type=\"application\/ld+json\" class=\"yoast-schema-graph\">{\"@context\":\"https:\/\/schema.org\",\"@graph\":[{\"@type\":\"WebPage\",\"@id\":\"https:\/\/vimethic.fr\/index.php\/tracabilite\/\",\"url\":\"https:\/\/vimethic.fr\/index.php\/tracabilite\/\",\"name\":\"Tra\u00e7abilit\u00e9 des d\u00e9chets - Vimethic\",\"isPartOf\":{\"@id\":\"https:\/\/vimethic.fr\/#website\"},\"primaryImageOfPage\":{\"@id\":\"https:\/\/vimethic.fr\/index.php\/tracabilite\/#primaryimage\"},\"image\":{\"@id\":\"https:\/\/vimethic.fr\/index.php\/tracabilite\/#primaryimage\"},\"thumbnailUrl\":\"https:\/\/vimethic.fr\/wp-content\/uploads\/2023\/10\/ID-icionrecycle-logo@2x-1.png\",\"datePublished\":\"2023-10-26T14:28:27+00:00\",\"dateModified\":\"2023-11-15T15:07:09+00:00\",\"description\":\"Gr\u00e2ce \u00e0 un compte qui vous est d\u00e9di\u00e9 sur notre plateforme de tra\u00e7abilit\u00e9, vous pouvez \u00e0 tout moment consulter les documents de tra\u00e7abilit\u00e9.\",\"breadcrumb\":{\"@id\":\"https:\/\/vimethic.fr\/index.php\/tracabilite\/#breadcrumb\"},\"inLanguage\":\"fr-FR\",\"potentialAction\":[{\"@type\":\"ReadAction\",\"target\":[\"https:\/\/vimethic.fr\/index.php\/tracabilite\/\"]}]},{\"@type\":\"ImageObject\",\"inLanguage\":\"fr-FR\",\"@id\":\"https:\/\/vimethic.fr\/index.php\/tracabilite\/#primaryimage\",\"url\":\"https:\/\/vimethic.fr\/wp-content\/uploads\/2023\/10\/ID-icionrecycle-logo@2x-1.png\",\"contentUrl\":\"https:\/\/vimethic.fr\/wp-content\/uploads\/2023\/10\/ID-icionrecycle-logo@2x-1.png\",\"width\":703,\"height\":214},{\"@type\":\"BreadcrumbList\",\"@id\":\"https:\/\/vimethic.fr\/index.php\/tracabilite\/#breadcrumb\",\"itemListElement\":[{\"@type\":\"ListItem\",\"position\":1,\"name\":\"Accueil\",\"item\":\"https:\/\/vimethic.fr\/\"},{\"@type\":\"ListItem\",\"position\":2,\"name\":\"Tra\u00e7abilit\u00e9 des d\u00e9chets\"}]},{\"@type\":\"WebSite\",\"@id\":\"https:\/\/vimethic.fr\/#website\",\"url\":\"https:\/\/vimethic.fr\/\",\"name\":\"Vimethic\",\"description\":\"Recyclage des v\u00eatements professionnels\",\"publisher\":{\"@id\":\"https:\/\/vimethic.fr\/#organization\"},\"potentialAction\":[{\"@type\":\"SearchAction\",\"target\":{\"@type\":\"EntryPoint\",\"urlTemplate\":\"https:\/\/vimethic.fr\/?s={search_term_string}\"},\"query-input\":{\"@type\":\"PropertyValueSpecification\",\"valueRequired\":true,\"valueName\":\"search_term_string\"}}],\"inLanguage\":\"fr-FR\"},{\"@type\":\"Organization\",\"@id\":\"https:\/\/vimethic.fr\/#organization\",\"name\":\"Vimethic\",\"url\":\"https:\/\/vimethic.fr\/\",\"logo\":{\"@type\":\"ImageObject\",\"inLanguage\":\"fr-FR\",\"@id\":\"https:\/\/vimethic.fr\/#\/schema\/logo\/image\/\",\"url\":\"https:\/\/vimethic.fr\/wp-content\/uploads\/2020\/09\/cropped-ID-vimethic-logo-removebg-preview.png\",\"contentUrl\":\"https:\/\/vimethic.fr\/wp-content\/uploads\/2020\/09\/cropped-ID-vimethic-logo-removebg-preview.png\",\"width\":262,\"height\":107,\"caption\":\"Vimethic\"},\"image\":{\"@id\":\"https:\/\/vimethic.fr\/#\/schema\/logo\/image\/\"}}]}<\/script>\n<!-- \/ Yoast SEO plugin. -->","yoast_head_json":{"title":"Tra\u00e7abilit\u00e9 des d\u00e9chets - Vimethic","description":"Gr\u00e2ce \u00e0 un compte qui vous est d\u00e9di\u00e9 sur notre plateforme de tra\u00e7abilit\u00e9, vous pouvez \u00e0 tout moment consulter les documents de tra\u00e7abilit\u00e9.","robots":{"index":"index","follow":"follow","max-snippet":"max-snippet:-1","max-image-preview":"max-image-preview:large","max-video-preview":"max-video-preview:-1"},"canonical":"https:\/\/vimethic.fr\/index.php\/tracabilite\/","og_locale":"fr_FR","og_type":"article","og_title":"Tra\u00e7abilit\u00e9 des d\u00e9chets - Vimethic","og_description":"Gr\u00e2ce \u00e0 un compte qui vous est d\u00e9di\u00e9 sur notre plateforme de tra\u00e7abilit\u00e9, vous pouvez \u00e0 tout moment consulter les documents de tra\u00e7abilit\u00e9.","og_url":"https:\/\/vimethic.fr\/index.php\/tracabilite\/","og_site_name":"Vimethic","article_modified_time":"2023-11-15T15:07:09+00:00","og_image":[{"url":"https:\/\/vimethic.fr\/wp-content\/uploads\/2023\/10\/ID-icionrecycle-logo@2x-1.png","type":"","width":"","height":""}],"twitter_card":"summary_large_image","twitter_misc":{"Dur\u00e9e de lecture estim\u00e9e":"1 minute"},"schema":{"@context":"https:\/\/schema.org","@graph":[{"@type":"WebPage","@id":"https:\/\/vimethic.fr\/index.php\/tracabilite\/","url":"https:\/\/vimethic.fr\/index.php\/tracabilite\/","name":"Tra\u00e7abilit\u00e9 des d\u00e9chets - Vimethic","isPartOf":{"@id":"https:\/\/vimethic.fr\/#website"},"primaryImageOfPage":{"@id":"https:\/\/vimethic.fr\/index.php\/tracabilite\/#primaryimage"},"image":{"@id":"https:\/\/vimethic.fr\/index.php\/tracabilite\/#primaryimage"},"thumbnailUrl":"https:\/\/vimethic.fr\/wp-content\/uploads\/2023\/10\/ID-icionrecycle-logo@2x-1.png","datePublished":"2023-10-26T14:28:27+00:00","dateModified":"2023-11-15T15:07:09+00:00","description":"Gr\u00e2ce \u00e0 un compte qui vous est d\u00e9di\u00e9 sur notre plateforme de tra\u00e7abilit\u00e9, vous pouvez \u00e0 tout moment consulter les documents de tra\u00e7abilit\u00e9.","breadcrumb":{"@id":"https:\/\/vimethic.fr\/index.php\/tracabilite\/#breadcrumb"},"inLanguage":"fr-FR","potentialAction":[{"@type":"ReadAction","target":["https:\/\/vimethic.fr\/index.php\/tracabilite\/"]}]},{"@type":"ImageObject","inLanguage":"fr-FR","@id":"https:\/\/vimethic.fr\/index.php\/tracabilite\/#primaryimage","url":"https:\/\/vimethic.fr\/wp-content\/uploads\/2023\/10\/ID-icionrecycle-logo@2x-1.png","contentUrl":"https:\/\/vimethic.fr\/wp-content\/uploads\/2023\/10\/ID-icionrecycle-logo@2x-1.png","width":703,"height":214},{"@type":"BreadcrumbList","@id":"https:\/\/vimethic.fr\/index.php\/tracabilite\/#breadcrumb","itemListElement":[{"@type":"ListItem","position":1,"name":"Accueil","item":"https:\/\/vimethic.fr\/"},{"@type":"ListItem","position":2,"name":"Tra\u00e7abilit\u00e9 des d\u00e9chets"}]},{"@type":"WebSite","@id":"https:\/\/vimethic.fr\/#website","url":"https:\/\/vimethic.fr\/","name":"Vimethic","description":"Recyclage des v\u00eatements professionnels","publisher":{"@id":"https:\/\/vimethic.fr\/#organization"},"potentialAction":[{"@type":"SearchAction","target":{"@type":"EntryPoint","urlTemplate":"https:\/\/vimethic.fr\/?s={search_term_string}"},"query-input":{"@type":"PropertyValueSpecification","valueRequired":true,"valueName":"search_term_string"}}],"inLanguage":"fr-FR"},{"@type":"Organization","@id":"https:\/\/vimethic.fr\/#organization","name":"Vimethic","url":"https:\/\/vimethic.fr\/","logo":{"@type":"ImageObject","inLanguage":"fr-FR","@id":"https:\/\/vimethic.fr\/#\/schema\/logo\/image\/","url":"https:\/\/vimethic.fr\/wp-content\/uploads\/2020\/09\/cropped-ID-vimethic-logo-removebg-preview.png","contentUrl":"https:\/\/vimethic.fr\/wp-content\/uploads\/2020\/09\/cropped-ID-vimethic-logo-removebg-preview.png","width":262,"height":107,"caption":"Vimethic"},"image":{"@id":"https:\/\/vimethic.fr\/#\/schema\/logo\/image\/"}}]}},"_links":{"self":[{"href":"https:\/\/vimethic.fr\/index.php\/wp-json\/wp\/v2\/pages\/529"}],"collection":[{"href":"https:\/\/vimethic.fr\/index.php\/wp-json\/wp\/v2\/pages"}],"about":[{"href":"https:\/\/vimethic.fr\/index.php\/wp-json\/wp\/v2\/types\/page"}],"author":[{"embeddable":true,"href":"https:\/\/vimethic.fr\/index.php\/wp-json\/wp\/v2\/users\/1"}],"replies":[{"embeddable":true,"href":"https:\/\/vimethic.fr\/index.php\/wp-json\/wp\/v2\/comments?post=529"}],"version-history":[{"count":15,"href":"https:\/\/vimethic.fr\/index.php\/wp-json\/wp\/v2\/pages\/529\/revisions"}],"predecessor-version":[{"id":718,"href":"https:\/\/vimethic.fr\/index.php\/wp-json\/wp\/v2\/pages\/529\/revisions\/718"}],"wp:attachment":[{"href":"https:\/\/vimethic.fr\/index.php\/wp-json\/wp\/v2\/media?parent=529"}],"curies":[{"name":"wp","href":"https:\/\/api.w.org\/{rel}","templated":true}]}}