{"id":527,"date":"2023-10-26T16:28:10","date_gmt":"2023-10-26T14:28:10","guid":{"rendered":"https:\/\/vimethic.fr\/?page_id=527"},"modified":"2023-11-15T16:05:42","modified_gmt":"2023-11-15T15:05:42","slug":"sensibilisation","status":"publish","type":"page","link":"https:\/\/vimethic.fr\/index.php\/sensibilisation\/","title":{"rendered":"Sensibilisation"},"content":{"rendered":"\n<div style=\"height:30px\" aria-hidden=\"true\" class=\"wp-block-spacer\"><\/div>\n\n\n<h2 class=\"fonts-plugin-block \" style=\"font-size: 30px;color: #68b971\"><strong>Que vous apporte Climathic ?<\/strong><\/h2>\n\n\n<div style=\"height:20px\" aria-hidden=\"true\" class=\"wp-block-spacer\"><\/div>\n\n\n\n<figure class=\"wp-block-image size-full is-resized\"><img decoding=\"async\" width=\"516\" height=\"92\" src=\"https:\/\/vimethic.fr\/wp-content\/uploads\/2023\/10\/logo-climathic.jpg\" alt=\"\" class=\"wp-image-623\" style=\"aspect-ratio:5.608695652173913;width:213px;height:auto\" srcset=\"https:\/\/vimethic.fr\/wp-content\/uploads\/2023\/10\/logo-climathic.jpg 516w, https:\/\/vimethic.fr\/wp-content\/uploads\/2023\/10\/logo-climathic-300x53.jpg 300w\" sizes=\"(max-width: 516px) 100vw, 516px\" \/><\/figure>\n\n\n\n<div style=\"height:30px\" aria-hidden=\"true\" class=\"wp-block-spacer\"><\/div>\n\n\n<p class=\"fonts-plugin-block \" style=\"font-family: arial;font-size: 20px;color: #007eff\"><strong>UN PARCOURS \u00c9DUCATIF<\/strong><\/p>\n\n<p class=\"fonts-plugin-block \" style=\"font-family: arial;font-size: 17px;color: #000000\">Climathic est un parcours \u00e9ducatif que nous avons articul\u00e9 autour de 7 th\u00e8mes :&nbsp;<strong>d\u00e9chets et recyclage, alimentation, textile, num\u00e9rique, \u00e9nergies, transports et \u00e9cosyst\u00e8mes.<\/strong><\/p>\n\n<p class=\"fonts-plugin-block \" style=\"font-family: arial;font-size: 20px;color: #007eff\"><strong>INFORMER ET SENSIBILISER<\/strong><\/p>\n\n<p class=\"fonts-plugin-block \" style=\"font-family: arial;font-size: 17px;color: #000000\">Les questions environnementales ont toujours \u00e9t\u00e9 tr\u00e8s importantes chez Triethic. Avec le r\u00e9chauffement climatique qui menace notre diversit\u00e9, il est devenu essentiel d\u2019informer et de former aux \u00e9co-gestes pour limiter notre impact et changer nos habitudes en profondeur.<\/p>\n\n<p class=\"fonts-plugin-block \" style=\"font-family: arial;font-size: 20px;color: #007eff\"><strong>ADOPTER LES BONS GESTES<\/strong><\/p>\n\n<p class=\"fonts-plugin-block \" style=\"font-family: arial;font-size: 17px;color: #000000\">Le parcours \u00e9ducatif commence par un premier th\u00e8me sur les d\u00e9chets et le recyclage. \u00c9tant notre coeur d\u2019activit\u00e9, il nous a sembl\u00e9 \u00e9vident de commencer par un sujet que l\u2019on ma\u00eetrise et qui nous lie directement avec le client.&nbsp;<strong>Nous partageons, dans chaque th\u00e8me, des conseils pour que chacun puisse adopter les bons \u00e9co-gestes sur le lieu de travail mais aussi dans la sph\u00e8re priv\u00e9e.<\/strong><\/p>\n\n<p class=\"fonts-plugin-block \" style=\"font-family: arial;font-size: 20px;color: #007eff\"><strong>COMPRENDRE LES M\u00c9CANISMES DU R\u00c9CHAUFFEMENT CLIMATIQUE<\/strong><\/p>\n\n<p class=\"fonts-plugin-block \" style=\"font-family: arial;font-size: 17px;color: #000000\">Nous avons d\u00e9ploy\u00e9 le parcours sur des th\u00e8mes qui concernent les personnes dans leur vie quotidienne, au-del\u00e0 de la vie professionnelle.\u00a0<strong>L\u2019id\u00e9e \u00e9tant de donner une vision de plus en plus large des m\u00e9canismes du r\u00e9chauffement climatique \u00e0 mesure que vous avancez dans le parcours.<\/strong>\u00a0Des bons gestes de tri, en passant par nos habitudes alimentaires\u2026 Jusqu\u2019aux cons\u00e9quences de nos comportements sur nos \u00e9cosyst\u00e8mes.<\/p>\n\n\n<div style=\"height:20px\" aria-hidden=\"true\" class=\"wp-block-spacer\"><\/div>\n\n\n<p class=\"fonts-plugin-block \" style=\"font-family: arial;font-size: 20px;color: #000000\"><em>Pour en savoir plus sur Climathic :<\/em><\/p>\n\n\n<figure class=\"wp-block-video\"><video controls src=\"https:\/\/vimethic.fr\/video\/Climathic.mp4\"><\/video><\/figure>\n\n\n<p class=\"fonts-plugin-block \" style=\"font-family: arial;font-size: 17px;color: #000000\">Contactez-nous pour en savoir plus : contact@triethic.fr<br>Consultez la page d\u00e9di\u00e9e <a href=\"https:\/\/triethic.fr\/solutions-durables-et-innovation\/climathic\/\">ici<\/a>.<\/p>","protected":false},"excerpt":{"rendered":"","protected":false},"author":1,"featured_media":0,"parent":0,"menu_order":0,"comment_status":"closed","ping_status":"closed","template":"","meta":{"footnotes":""},"class_list":["post-527","page","type-page","status-publish","hentry"],"yoast_head":"<!-- This site is optimized with the Yoast SEO plugin v25.6 - https:\/\/yoast.com\/wordpress\/plugins\/seo\/ -->\n<title>Sensibilisation - Vimethic<\/title>\n<meta name=\"description\" content=\"Climathic est un parcours \u00e9ducatif que nous avons articul\u00e9 autour de 7 th\u00e8mes environnementaux qui concernent les personnes dans leur vie.\" \/>\n<meta name=\"robots\" content=\"index, follow, max-snippet:-1, max-image-preview:large, max-video-preview:-1\" \/>\n<link rel=\"canonical\" href=\"https:\/\/vimethic.fr\/index.php\/sensibilisation\/\" \/>\n<meta property=\"og:locale\" content=\"fr_FR\" \/>\n<meta property=\"og:type\" content=\"article\" \/>\n<meta property=\"og:title\" content=\"Sensibilisation - Vimethic\" \/>\n<meta property=\"og:description\" content=\"Climathic est un parcours \u00e9ducatif que nous avons articul\u00e9 autour de 7 th\u00e8mes environnementaux qui concernent les personnes dans leur vie.\" \/>\n<meta property=\"og:url\" content=\"https:\/\/vimethic.fr\/index.php\/sensibilisation\/\" \/>\n<meta property=\"og:site_name\" content=\"Vimethic\" \/>\n<meta property=\"article:modified_time\" content=\"2023-11-15T15:05:42+00:00\" \/>\n<meta property=\"og:image\" content=\"https:\/\/vimethic.fr\/wp-content\/uploads\/2023\/10\/logo-climathic.jpg\" \/>\n<meta name=\"twitter:card\" content=\"summary_large_image\" \/>\n<meta name=\"twitter:label1\" content=\"Dur\u00e9e de lecture estim\u00e9e\" \/>\n\t<meta name=\"twitter:data1\" content=\"1 minute\" \/>\n<script type=\"application\/ld+json\" class=\"yoast-schema-graph\">{\"@context\":\"https:\/\/schema.org\",\"@graph\":[{\"@type\":\"WebPage\",\"@id\":\"https:\/\/vimethic.fr\/index.php\/sensibilisation\/\",\"url\":\"https:\/\/vimethic.fr\/index.php\/sensibilisation\/\",\"name\":\"Sensibilisation - Vimethic\",\"isPartOf\":{\"@id\":\"https:\/\/vimethic.fr\/#website\"},\"primaryImageOfPage\":{\"@id\":\"https:\/\/vimethic.fr\/index.php\/sensibilisation\/#primaryimage\"},\"image\":{\"@id\":\"https:\/\/vimethic.fr\/index.php\/sensibilisation\/#primaryimage\"},\"thumbnailUrl\":\"https:\/\/vimethic.fr\/wp-content\/uploads\/2023\/10\/logo-climathic.jpg\",\"datePublished\":\"2023-10-26T14:28:10+00:00\",\"dateModified\":\"2023-11-15T15:05:42+00:00\",\"description\":\"Climathic est un parcours \u00e9ducatif que nous avons articul\u00e9 autour de 7 th\u00e8mes environnementaux qui concernent les personnes dans leur vie.\",\"breadcrumb\":{\"@id\":\"https:\/\/vimethic.fr\/index.php\/sensibilisation\/#breadcrumb\"},\"inLanguage\":\"fr-FR\",\"potentialAction\":[{\"@type\":\"ReadAction\",\"target\":[\"https:\/\/vimethic.fr\/index.php\/sensibilisation\/\"]}]},{\"@type\":\"ImageObject\",\"inLanguage\":\"fr-FR\",\"@id\":\"https:\/\/vimethic.fr\/index.php\/sensibilisation\/#primaryimage\",\"url\":\"https:\/\/vimethic.fr\/wp-content\/uploads\/2023\/10\/logo-climathic.jpg\",\"contentUrl\":\"https:\/\/vimethic.fr\/wp-content\/uploads\/2023\/10\/logo-climathic.jpg\",\"width\":516,\"height\":92},{\"@type\":\"BreadcrumbList\",\"@id\":\"https:\/\/vimethic.fr\/index.php\/sensibilisation\/#breadcrumb\",\"itemListElement\":[{\"@type\":\"ListItem\",\"position\":1,\"name\":\"Accueil\",\"item\":\"https:\/\/vimethic.fr\/\"},{\"@type\":\"ListItem\",\"position\":2,\"name\":\"Sensibilisation\"}]},{\"@type\":\"WebSite\",\"@id\":\"https:\/\/vimethic.fr\/#website\",\"url\":\"https:\/\/vimethic.fr\/\",\"name\":\"Vimethic\",\"description\":\"Recyclage des v\u00eatements professionnels\",\"publisher\":{\"@id\":\"https:\/\/vimethic.fr\/#organization\"},\"potentialAction\":[{\"@type\":\"SearchAction\",\"target\":{\"@type\":\"EntryPoint\",\"urlTemplate\":\"https:\/\/vimethic.fr\/?s={search_term_string}\"},\"query-input\":{\"@type\":\"PropertyValueSpecification\",\"valueRequired\":true,\"valueName\":\"search_term_string\"}}],\"inLanguage\":\"fr-FR\"},{\"@type\":\"Organization\",\"@id\":\"https:\/\/vimethic.fr\/#organization\",\"name\":\"Vimethic\",\"url\":\"https:\/\/vimethic.fr\/\",\"logo\":{\"@type\":\"ImageObject\",\"inLanguage\":\"fr-FR\",\"@id\":\"https:\/\/vimethic.fr\/#\/schema\/logo\/image\/\",\"url\":\"https:\/\/vimethic.fr\/wp-content\/uploads\/2020\/09\/cropped-ID-vimethic-logo-removebg-preview.png\",\"contentUrl\":\"https:\/\/vimethic.fr\/wp-content\/uploads\/2020\/09\/cropped-ID-vimethic-logo-removebg-preview.png\",\"width\":262,\"height\":107,\"caption\":\"Vimethic\"},\"image\":{\"@id\":\"https:\/\/vimethic.fr\/#\/schema\/logo\/image\/\"}}]}<\/script>\n<!-- \/ Yoast SEO plugin. -->","yoast_head_json":{"title":"Sensibilisation - Vimethic","description":"Climathic est un parcours \u00e9ducatif que nous avons articul\u00e9 autour de 7 th\u00e8mes environnementaux qui concernent les personnes dans leur vie.","robots":{"index":"index","follow":"follow","max-snippet":"max-snippet:-1","max-image-preview":"max-image-preview:large","max-video-preview":"max-video-preview:-1"},"canonical":"https:\/\/vimethic.fr\/index.php\/sensibilisation\/","og_locale":"fr_FR","og_type":"article","og_title":"Sensibilisation - Vimethic","og_description":"Climathic est un parcours \u00e9ducatif que nous avons articul\u00e9 autour de 7 th\u00e8mes environnementaux qui concernent les personnes dans leur vie.","og_url":"https:\/\/vimethic.fr\/index.php\/sensibilisation\/","og_site_name":"Vimethic","article_modified_time":"2023-11-15T15:05:42+00:00","og_image":[{"url":"https:\/\/vimethic.fr\/wp-content\/uploads\/2023\/10\/logo-climathic.jpg","type":"","width":"","height":""}],"twitter_card":"summary_large_image","twitter_misc":{"Dur\u00e9e de lecture estim\u00e9e":"1 minute"},"schema":{"@context":"https:\/\/schema.org","@graph":[{"@type":"WebPage","@id":"https:\/\/vimethic.fr\/index.php\/sensibilisation\/","url":"https:\/\/vimethic.fr\/index.php\/sensibilisation\/","name":"Sensibilisation - Vimethic","isPartOf":{"@id":"https:\/\/vimethic.fr\/#website"},"primaryImageOfPage":{"@id":"https:\/\/vimethic.fr\/index.php\/sensibilisation\/#primaryimage"},"image":{"@id":"https:\/\/vimethic.fr\/index.php\/sensibilisation\/#primaryimage"},"thumbnailUrl":"https:\/\/vimethic.fr\/wp-content\/uploads\/2023\/10\/logo-climathic.jpg","datePublished":"2023-10-26T14:28:10+00:00","dateModified":"2023-11-15T15:05:42+00:00","description":"Climathic est un parcours \u00e9ducatif que nous avons articul\u00e9 autour de 7 th\u00e8mes environnementaux qui concernent les personnes dans leur vie.","breadcrumb":{"@id":"https:\/\/vimethic.fr\/index.php\/sensibilisation\/#breadcrumb"},"inLanguage":"fr-FR","potentialAction":[{"@type":"ReadAction","target":["https:\/\/vimethic.fr\/index.php\/sensibilisation\/"]}]},{"@type":"ImageObject","inLanguage":"fr-FR","@id":"https:\/\/vimethic.fr\/index.php\/sensibilisation\/#primaryimage","url":"https:\/\/vimethic.fr\/wp-content\/uploads\/2023\/10\/logo-climathic.jpg","contentUrl":"https:\/\/vimethic.fr\/wp-content\/uploads\/2023\/10\/logo-climathic.jpg","width":516,"height":92},{"@type":"BreadcrumbList","@id":"https:\/\/vimethic.fr\/index.php\/sensibilisation\/#breadcrumb","itemListElement":[{"@type":"ListItem","position":1,"name":"Accueil","item":"https:\/\/vimethic.fr\/"},{"@type":"ListItem","position":2,"name":"Sensibilisation"}]},{"@type":"WebSite","@id":"https:\/\/vimethic.fr\/#website","url":"https:\/\/vimethic.fr\/","name":"Vimethic","description":"Recyclage des v\u00eatements professionnels","publisher":{"@id":"https:\/\/vimethic.fr\/#organization"},"potentialAction":[{"@type":"SearchAction","target":{"@type":"EntryPoint","urlTemplate":"https:\/\/vimethic.fr\/?s={search_term_string}"},"query-input":{"@type":"PropertyValueSpecification","valueRequired":true,"valueName":"search_term_string"}}],"inLanguage":"fr-FR"},{"@type":"Organization","@id":"https:\/\/vimethic.fr\/#organization","name":"Vimethic","url":"https:\/\/vimethic.fr\/","logo":{"@type":"ImageObject","inLanguage":"fr-FR","@id":"https:\/\/vimethic.fr\/#\/schema\/logo\/image\/","url":"https:\/\/vimethic.fr\/wp-content\/uploads\/2020\/09\/cropped-ID-vimethic-logo-removebg-preview.png","contentUrl":"https:\/\/vimethic.fr\/wp-content\/uploads\/2020\/09\/cropped-ID-vimethic-logo-removebg-preview.png","width":262,"height":107,"caption":"Vimethic"},"image":{"@id":"https:\/\/vimethic.fr\/#\/schema\/logo\/image\/"}}]}},"_links":{"self":[{"href":"https:\/\/vimethic.fr\/index.php\/wp-json\/wp\/v2\/pages\/527"}],"collection":[{"href":"https:\/\/vimethic.fr\/index.php\/wp-json\/wp\/v2\/pages"}],"about":[{"href":"https:\/\/vimethic.fr\/index.php\/wp-json\/wp\/v2\/types\/page"}],"author":[{"embeddable":true,"href":"https:\/\/vimethic.fr\/index.php\/wp-json\/wp\/v2\/users\/1"}],"replies":[{"embeddable":true,"href":"https:\/\/vimethic.fr\/index.php\/wp-json\/wp\/v2\/comments?post=527"}],"version-history":[{"count":19,"href":"https:\/\/vimethic.fr\/index.php\/wp-json\/wp\/v2\/pages\/527\/revisions"}],"predecessor-version":[{"id":716,"href":"https:\/\/vimethic.fr\/index.php\/wp-json\/wp\/v2\/pages\/527\/revisions\/716"}],"wp:attachment":[{"href":"https:\/\/vimethic.fr\/index.php\/wp-json\/wp\/v2\/media?parent=527"}],"curies":[{"name":"wp","href":"https:\/\/api.w.org\/{rel}","templated":true}]}}